2)/o).
8
Let z(b) = -b**2 + 8*b - 2. What is the remainder when 17 is divided by z(7)?
2
Suppose c + c + 4 = 0, -4*r - 3*c = -162. Calculate the remainder when r is divided by 11.
9
Suppose 4*x - 3*a - 2*a + 111 = 0, -3*x = a + 69. Calculate the remainder when 55 is divided by ((-114)/x)/((-1)/(-4)).
17
Let w(l) = l + 5. Let a be w(-9). Let n(z) = z**2 + 5*z + 6. Let x be n(a). Suppose -t + x*t - 13 = 0. Calculate the remainder when 25 is divided by t.
12
Suppose -2*t + 4*t + 4*s - 12 = 0, 4*t = -4*s + 44. Calculate the remainder when t is divided by 9.
7
Let v(r) = r**3 + 7*r**2 - 6*r - 30. What is the remainder when v(-7) is divided by 3?
0
Let g(s) = -s**3 - 5*s**2 - s + 7. Calculate the remainder when g(-5) is divided by (-6)/1 + 13 + (0 - 0).
5
Suppose 4*s - 28 = -3*a, 2*a + 4*s = -3*a + 52. What is the remainder when 129 is divided by a?
9
Let h be (-4)/((-8)/(-6)) - -2. Let p be (-1)/5*(h - 4). Calculate the remainder when (p + 0)*0 + 12 is divided by 7.
5
Let b(c) = c + 36. Calculate the remainder when b(0) is divided by 19.
17
Suppose -m + 3*z + 0*z - 4 = 0, 5*m - 3*z = 28. What is the remainder when m is divided by (-18)/(-6) + -2 + -2 + 4?
2
Let p be 149 - (3*-3)/3. Suppose 3*q = -q + p. What is the remainder when q is divided by 20?
18
Let w(v) = -v**2 - 9*v + 1. What is the remainder when (-86)/(-4*(-2)/(-4)) is divided by w(-7)?
13
Let w(k) = -6*k - 1. Calculate the remainder when w(-2) is divided by 7.
4
Suppose z = -z + 30. Suppose t - 3*n - z = 0, -4*n = 6*t - 2*t - 28. Calculate the remainder when 16 is divided by t.
7
Suppose -3*b + 9 = -4*g, -4*b + 0*g + 12 = 3*g. Suppose 0 = r - b*r + 8. What is the remainder when 13 is divided by r?
1
Let g be -11*((-2)/2 - 2). Let p = g + 17. What is the remainder when 28 is divided by (-4)/(-5)*p/4?
8
Suppose l + 5 = 88. What is the remainder when l is divided by 28?
27
Let s(g) = -1 - 1 + 2*g + g**2 + 0*g**2. Calculate the remainder when 4 + ((-83)/(-4) - 3/(-12)) is divided by s(-5).
12
Let r = -18 - -58. Calculate the remainder when r is divided by 21.
19
Suppose -63 = -u - 2*u. Let a(x) = -7*x**3 - 2*x**2 - 1. Let r be a(-2). Let c = r - u. What is the remainder when c is divided by 9?
8
Let r(p) = -2*p**3 + 3*p**2 + p + 10. Let k(o) = -o**3 + o**2 + 3. Let c(y) = -7*k(y) + 2*r(y). What is the remainder when c(2) is divided by 13?
10
Let h(v) = v**3 + 5*v**2 + 5*v - 3. Let p be h(-4). Let b(z) = -z**3 - 8*z**2 - 10*z - 10. Calculate the remainder when b(p) is divided by 7.
4
Suppose b - 24 = -4*d + 2*b, 4*b = -16. Let j = -14 + 45. Suppose -j = -3*q - 4. Calculate the remainder when q is divided by d.
4
Let b(m) = m + 4. Suppose o + 5 = -5*j, -1 = j - 0*o + 5*o. Let h = j + 5. Calculate the remainder when 21 is divided by b(h).
5
Let v = 25 - 16. Let r = -4 + 29. What is the remainder when r is divided by v?
7
Let j = 97 + -63. What is the remainder when j is divided by 12?
10
Let k = -8 + 42. Calculate the remainder when k is divided by 7.
6
Let m(r) = 3*r + 3. Let i be m(-3). What is the remainder when i/4*(-126)/7 is divided by 10?
7
Calculate the remainder when (12870/325)/(3*(-2)/(-20)) is divided by 45.
42
Let d = 5 + 0. Calculate the remainder when d is divided by 2.
1
Suppose -5*q + 12 = 4*p, -6 = -2*q + q - 2*p. Suppose 2*h + 2*r - 86 = q, -3*r - 8 = 4. What is the remainder when h is divided by 16?
15
Let j = 32 + -59. Let x = j - -47. Calculate the remainder when x is divided by 7.
6
Let l be (-3)/(6/(-4)) - 0. Suppose w - 58 = -4*u - l*w, 5*u + 4*w = 72. What is the remainder when u is divided by (96/(-56))/(2/(-7))?
4
Suppose -5*v + 64 - 9 = 0. Calculate the remainder when 41 is divided by v.
8
Let z = 289 + -204. Suppose 0 = -t - 4*t + z. Calculate the remainder when t is divided by 6.
5
Let b(h) = -h**2 - h - 19. Let z be b(0). Let r be z/(-3) + 2/(-6). Suppose p + r = 20. Calculate the remainder when p is divided by 8.
6
Let t = -18 + 26. What is the remainder when t is divided by 5?
3
Suppose -i = -10 - 7. Suppose -2*a = -3*w + 154, 4*a = 5*w - 329 + 71. What is the remainder when w is divided by i?
16
Suppose -4*p = w - 139, -4*p + 3*p = 5. Calculate the remainder when w is divided by 27.
24
Suppose 9*s = 70 + 92. What is the remainder when 52 is divided by s?
16
Suppose -2*a - 26 = -l - 0*l, -2*l + 57 = -5*a. Suppose 3*s - 6*s + x + 10 = 0, 2*s = -3*x + 14. Let n = 10 - s. Calculate the remainder when l is divided by n.
4
Let c = 7 - -4. Calculate the remainder when 32 is divided by c.
10
Let n be (0 - -2)*7/(-14). What is the remainder when 25 is divided by (-11 - -12)*(n + 8)?
4
Let b = 4 - 2. Suppose -b*t + 65 = 3*t. What is the remainder when 50 is divided by t?
11
Suppose 29 + 31 = 2*a. Suppose 0*s + g = -4*s + a, 3*g + 22 = 2*s. Suppose 3*x + 45 = s*x. Calculate the remainder when 16 is divided by x.
7
Let n = -16 - -28. Calculate the remainder when 35 is divided by n.
11
Let m(s) = -s**2 - 8*s - 5. Let o be m(-7). Suppose 2*w - 6 = -o. What is the remainder when w is divided by 2?
0
Let k = 5 - 3. Suppose -k*p = -3*i - 141, -p + 1 = 4*i - 42. Let c = p + -28. Calculate the remainder when c is divided by 12.
11
Let y(n) be the third derivative of n**4/24 + 7*n**3/6 + n**2. What is the remainder when 22 is divided by y(5)?
10
Let h = 4 - -15. What is the remainder when 37 is divided by h?
18
Let o(w) = 3 - 3*w**3 + 4*w**2 + 6*w - w + 2*w**3. Suppose -3 = -5*q + 22. What is the remainder when 8 is divided by o(q)?
2
What is the remainder when 29 is divided by 3*1 + (-65)/(-5)?
13
Suppose 5*u - 4*n = -48 + 193, 5*n = 5*u - 140. What is the remainder when u is divided by 9?
6
Let k = -5 + 5. Suppose 5*m = -5*x + 10, 5*m + k*x - 10 = x. Calculate the remainder when 81/15 - 4/10 is divided by m.
1
Let q(d) = d - 1. What is the remainder when q(3) is divided by 1?
0
Let o(q) = -q**3 + 4*q**2 - 2*q - 4. Let y be o(3). What is the remainder when 2/(y + 147/141) is divided by 12?
11
Suppose -4*l = -7*l + 39. Calculate the remainder when 38 is divided by l.
12
Calculate the remainder when (4 + (-840)/4)/(2/(-1)) is divided by 35.
33
Suppose -178 = -4*x + 2*j, -2*x - 2*j = j - 93. Suppose 3*z = 8*z - x. What is the remainder when -1 - (0 + 2) - -20 is divided by z?
8
What is the remainder when 40 is divided by (-4 - -5)/(3/48)?
8
Let m be -62*(2 - 15/6). Suppose j - m + 3 = 0. Calculate the remainder when j is divided by ((-2)/(-6))/((-3)/(-90)).
8
Let j = 134 - 92. What is the remainder when j is divided by 27?
15
Suppose 5*d + m - 334 = -0*d, 0 = 2*d - m - 135. What is the remainder when d is divided by 12?
7
Let t(z) = -z**3 - 3*z**2 + 4*z - 5. What is the remainder when 46 is divided by t(-5)?
21
Let j(g) = -g**2 + 8*g + 4. Suppose 0 = -4*b, -2*f - 2*b + 120 = 2*f. What is the remainder when f is divided by j(6)?
14
Suppose 0 = -4*f + 103 + 209. Suppose 4*w = 10 + 2, 2*w + f = 4*c. Calculate the remainder when c is divided by 6.
3
Let k = 5 - 14. Let c be (-8)/(15/k - -1). Suppose -102 = -3*o - c. Calculate the remainder when o is divided by 11.
8
Let q(k) = 2*k**2 + 6*k + 6. Let p = 22 - 8. What is the remainder when q(-5) is divided by p?
12
Suppose 7*o = 4*o. Suppose -5*x + 90 = 4*d, -2*x - 3*d + 33 - 4 = o. What is the remainder when 65 is divided by x?
21
Suppose -4*l = 4*i - i + 5, -4*i - 14 = -2*l. Let q be 2/(-18)*i*6. Suppose -c + 3 + 6 = 4*k, -q*c + 2 = 0. Calculate the remainder when 3 is divided by k.
1
Suppose -2*p + 3*m = -14 - 28, -2*p - 4*m = -56. Calculate the remainder when p is divided by 7.
3
Let q(j) = -11*j. Let a = 5 + 1. Calculate the remainder when q(-2) is divided by a/9 + (-44)/(-6).
6
Suppose -154 + 35 = -k + w, -4*w = -12. Let m = -78 - -109. Calculate the remainder when k is divided by m.
29
Suppose 0 = 5*a + 5. Let x = 14 + a. Calculate the remainder when 50 is divided by x.
11
Suppose -14 = -u + 10. Calculate the remainder when 46 is divided by u.
22
Let x(k) = -k**3 - 6*k**2 + 5*k - 10. What is the remainder when 13 is divided by x(-7)?
1
Let d be (13/2)/((-2)/4). Let f = d - -16. Calculate the remainder when 8 is divided by f.
2
Let y(v) be the third derivative of -v**6/120 + v**5/10 + 5*v**4/24 + v**3/2 + 3*v**2. Calculate the remainder when y(6) is divided by 17.
16
Suppose -3*v - 168 = -66. Let l = 47 + v. Calculate the rema